x + s*x + 103 = 5*y. What is the remainder when y is divided by 8?
5
Suppose 2*w - 4*w = 12. Calculate the remainder when 23 is divided by 15 + 0 + w + 3.
11
Let b be 2 - (-1)/(2/(-4)). Let c = -5 - -8. Suppose b = 2*k + c*k - 145. What is the remainder when k is divided by 10?
9
Suppose -88 = -0*l - 4*l. What is the remainder when 42 is divided by l?
20
Let s be (-2)/(-7) - (-12)/7. Let h be (5 - -7)*s/(-3). Let j = h - -27. Calculate the remainder when 36 is divided by j.
17
Let l(x) = -x**3 - 6*x**2 - 2*x - 7. Let a be l(-6). Suppose -6 - 3 = -b - a*d, 5*b = 5*d + 75. What is the remainder when b is divided by 8?
6
Let r(m) = 3*m - 4. Let k = 15 - 11. Let j be r(k). Calculate the remainder when j/(6/21*1) is divided by 15.
13
Let b(l) = -18*l - 134. Suppose 4*u - 220 = -4*i, 4*i + u - 212 = 5*u. What is the remainder when i is divided by b(-9)?
26
Let i(c) = -5*c - 2. Calculate the remainder when 54*(-3 - 44/(-12)) is divided by i(-3).
10
Let m(h) = h**2 + 8*h - 8. Let l = 2 - 2. Suppose l = 4*v - 8 + 44. Calculate the remainder when 2 is divided by m(v).
0
Suppose -r + 67 = -0*d - 2*d, -3*r + 5*d + 196 = 0. Calculate the remainder when 224 is divided by r.
53
Suppose 0 = 3*b + 6, 21 + 81 = 4*i - 5*b. What is the remainder when (3 - 0) + -13*(-1 - 4) is divided by i?
22
Suppose 6*g + 3*s = g + 95, 4*s + 44 = 4*g. What is the remainder when 60 is divided by g?
12
Let j(r) = -5*r + 3. Suppose -u - 3*u = -5*v + 61, 2*v - 22 = 4*u. What is the remainder when j(-7) is divided by v?
12
Suppose 2*v + 6 = a - 1, 0 = -2*a - v + 29. What is the remainder when 34 is divided by a?
8
Let m(t) = t**3 + 8*t**2 - 2*t. Let i be 4/24 + (-70)/(-12). Suppose 0 = p - i - 0. What is the remainder when m(-8) is divided by p?
4
Let o be (-303)/(-4) - 3/(-12). Suppose 2*v + o = 4*p - 2*v, p - 23 = -3*v. Calculate the remainder when 38 is divided by p.
18
Suppose -3*s = -2*s - 5. Let y(o) = 5*o - 6. Let b(l) = -l**2 - 6*l - 1. Calculate the remainder when y(s) is divided by b(-4).
5
Calculate the remainder when 167/3 - 1/(-3) is divided by 20.
16
Let q(d) = d + 28. Let u be q(0). Suppose -2*x = 4*k + u, -2*k - 22 = 3*x - k. Let s(a) = -a**2 - 8*a + 1. Calculate the remainder when s(x) is divided by 5.
3
Let z be 1/(-2) + 27/(-2). Let a = -4 - z. Suppose f - 9 = -0*m - 4*m, 0 = f - 4*m - 49. Calculate the remainder when f is divided by a.
9
Let a = 1 - 2. Calculate the remainder when 19 is divided by (1 + a)/(-3) + 5.
4
Let v(u) = -u + 40. Let o be v(0). Let y = -27 + o. What is the remainder when 49 is divided by y?
10
Let c = 83 + -45. Let n(o) = -o**2 + 9*o. Calculate the remainder when c is divided by n(5).
18
Let x(o) = o**2 - 10*o + 13. Let m be x(9). Suppose -v = -m - 4. Suppose -r + 4 = -v. Calculate the remainder when 35 is divided by r.
11
Let i be -1 - 0 - (-14)/2. Let m(u) = 2*u - 1. What is the remainder when 21 is divided by m(i)?
10
Let o = 13 + -7. Suppose -x = -o*x + 5. Suppose -38*d = -43*d + 5. Calculate the remainder when d is divided by x.
0
Calculate the remainder when -2*(-4)/(-8)*-26 is divided by 9.
8
Suppose -289 - 27 = -5*p + 2*t, 0 = 2*p - 4*t - 136. What is the remainder when (p - -2) + 0 + -3 is divided by (42/4)/(2/4)?
19
Let v(d) = -d. Let n be v(-7). Suppose 29 = 2*b + n. Calculate the remainder when b is divided by 4.
3
Let u(x) = -3*x - 6. Calculate the remainder when u(-4) is divided by 2.
0
Let q = -6 - 0. What is the remainder when 6/(-9) + (-58)/q is divided by 5?
4
Suppose 4*p - 7*t + 16 = -3*t, -5*p + 4*t = 21. Let r(u) = -3*u + 3. Calculate the remainder when r(p) is divided by 5.
3
Let i(h) = 3*h**2 - 4*h + 6. What is the remainder when i(5) is divided by 3*4 + 19 + -15?
13
Let a(g) = -g**2 + 10*g + 41. What is the remainder when a(12) is divided by 6?
5
Suppose l + 3*v = 22, -3*l = -0*l - v - 36. Calculate the remainder when 76 is divided by l.
11
Suppose 0 = -n - 0*n + 209. What is the remainder when 1/(-4) + n/4 is divided by 18?
16
Suppose 3*d - 6 = 0, -46 = 2*g - 3*d + 192. What is the remainder when 4/(-14) + g/(-14) is divided by ((-3)/3)/(1/(-3))?
2
Suppose 2*r + 4*z = 0, 2*z - z + 2 = 0. Suppose -3*a + 37 = 2*t, -a - r*a - 5 = 0. What is the remainder when 59 is divided by t?
19
Let g(d) = 4*d - 1. Let a be g(2). Let j(s) = -s**3 + 8*s**2 + 7*s + 7. Let l be j(a). Suppose z - 4*z = -l. What is the remainder when z is divided by 12?
11
Suppose w + 0*w = -7. Let c = w + 5. What is the remainder when 32 is divided by (13/(-2) - -1)*c?
10
Suppose -4*a - a + 56 = -2*j, 5*j - 10 = 0. Calculate the remainder when 94 is divided by a.
10
Let w = -14 - -25. Let z = -133 - -92. Let j = z + 62. What is the remainder when j is divided by w?
10
Suppose -33 = 5*q - 0*p - 4*p, -5*q - 4*p - 57 = 0. Let b = q + 26. What is the remainder when 32 is divided by b?
15
Suppose -2*u = -17 - 91. Suppose 2*a = -2*h + 112, a + 2*h - u = 3*h. Suppose 5*v + 3 = 2*m - 45, -3*v = 6. What is the remainder when a is divided by m?
17
Let v(o) = o + 7. Suppose -i + 10 = 4*i. Calculate the remainder when v(-4) is divided by i.
1
Let r(d) = -d + 5. Let x be r(0). Suppose 2*o + 15 = x. Calculate the remainder when (o/(-2))/((-3)/(-30)) is divided by 13.
12
Let h = 42 + 11. What is the remainder when h is divided by 27?
26
Let c(y) = y**2 + y - 1. Suppose -o + 18 - 43 = 5*x, x = 4*o - 26. Calculate the remainder when c(x) is divided by 8.
5
Let q(o) = o**3 + o**2 + o + 6. Let y = 5 - 5. Let a be q(y). What is the remainder when (-52)/a*9/(-2) is divided by 14?
11
Suppose -5*s = 5*j - 15, 3*j + 2*s - 2 = 7. Let z be (0/((-6)/(-2)))/j. Suppose z = 5*m - 57 - 48. Calculate the remainder when m is divided by 11.
10
Let y = 1 - -1. Suppose 32 = 6*i - y*i. Suppose 30 - 2 = 2*o. What is the remainder when o is divided by i?
6
Suppose d - 5*u + 11 = 0, -d - 2 + 0 = -2*u. Let y be -3 + (1 - (-2 - 2)). Let r = y - -4. Calculate the remainder when r is divided by d.
2
Let r(w) = 2*w**2 - 9*w + 4. Let h be r(7). Suppose -25 - h = -2*x. Calculate the remainder when x is divided by 17.
15
Calculate the remainder when 46 is divided by (8/(-3))/(-2)*12.
14
Let y = -80 - -127. Suppose 2*i - 40 = -2*i. Calculate the remainder when y is divided by i.
7
Suppose 15 = 3*s, -27 = -c - c - s. Let p = 9 + -6. Suppose p*a + 3*z = 7*a - 121, -a + 36 = 5*z. What is the remainder when a is divided by c?
9
What is the remainder when 258/5 - (-4)/10 is divided by 18?
16
Let l be 3*(-1 - 10/(-6)). Let y(t) = 10*t**l + t**3 - 3 - 4*t**2 + 5*t - t. What is the remainder when 4 is divided by y(-5)?
0
Suppose 0 = -0*q - 4*q + 8. Suppose 3*i - 32 = q*i. What is the remainder when i is divided by 11?
10
Let t(z) = z**2 - 8*z - 5. Let u be t(8). Let y(a) = 2*a**2 + 2*a. Let o be y(u). Suppose -o = -7*b + 3*b. Calculate the remainder when 29 is divided by b.
9
Let v(g) = 3*g**2 - 4*g + 1. Suppose -3*c = 2*h - 18, -2*h + 4*c = -1 + 11. Calculate the remainder when 30 is divided by v(h).
14
Let i = -34 - -80. Suppose 2*n = -12 + i. What is the remainder when n is divided by 9?
8
Let t(w) = -w**3 + 16*w**2 + 2*w - 23. Calculate the remainder when 16 is divided by t(16).
7
Suppose 17 + 34 = 3*y. What is the remainder when y is divided by 9?
8
Let r(t) = t**2 - 3*t + 11. Calculate the remainder when r(7) is divided by 10.
9
Let z(w) = w + 50. Calculate the remainder when z(-23) is divided by 7.
6
Calculate the remainder when 206 is divided by 6*4*(-2)/12 - -34.
26
Let y(g) = 15*g**2 - 7*g - 8. Calculate the remainder when y(-1) is divided by 8.
6
Suppose -17 + 7 = 5*t. Let b = t - -12. What is the remainder when 36 is divided by b?
6
Suppose 4*x = -x + 165. Suppose 2*q = 3*j + 2*j - x, -4*j = 4*q - 4. Calculate the remainder when 14 is divided by (-4)/j*-2*5.
6
Let u = -18 - -16. Calculate the remainder when 19 is divided by (-17 - (1 + 2))/u.
9
Suppose -50 = -2*n + 5*b, 3*n - 5*b + 10 = 4*n. Calculate the remainder when 77 is divided by n.
17
Let o be 29 + 4 + 1 + -2. Suppose -4*z - o = 3*n, 3*z - 5 = -2. Let m = 18 + n. What is the remainder when m is divided by 3?
0
Let f(u) = -3*u**2 - 184*u + 154. Suppose -a = -2, -2*v = -2*a - 0*a - 232. Calculate the remainder when v is divided by f(-62).
28
Let g(x) = x**2 + 2*x - 6. Let w = 5 + -1. What is the remainder when 53 is divided by g(w)?
17
